*n + 6. Is f(3) a prime number?
True
Let m(d) = -d**3 + 2*d**2 + 2*d + 3. Let p = -7 + 5. Let o be (p - 8/(-2))*-2. Is m(o) a prime number?
False
Suppose -2060 = 10*x + 5930. Let i = x + 1776. Is i a composite number?
False
Let n = -329434 + 493197. Is n a composite number?
True
Suppose 41*d + 293420 = 49*d - 156972. Is d composite?
False
Let v be -2 + (-900)/(0 + -3). Suppose -4*m - 3*u - v = 0, -3*u + 2 + 4 = 0. Is 17/((-2)/m*2) a composite number?
True
Let k(g) = -g**3 - 5*g**2 + 2. Let c be k(-5). Suppose -3*x = 4*x + c*x. Suppose 2*p = 3*p - 3*i - 1388, -p + i + 1386 = x. Is p a composite number?
True
Suppose 4*f + 1058 = 2*s, s - 4*s = 4*f + 1073. Let r = -270 - -493. Let b = r - f. Is b composite?
True
Let w be -2 - (-56)/30 - (-427384)/30. Let p = w - 9525. Is p a prime number?
True
Let o(q) = 421884*q**3 + 9*q**2 - 6*q + 4. Is o(1) prime?
True
Let z(u) = -2*u**2 + 2*u + 23. Let a be z(3). Is a - (-37570)/20 - 1/2 a prime number?
True
Let a(y) = 106*y**3 + 9*y**2 - 61*y - 37. Is a(12) a composite number?
True
Let u(s) = 3*s**3 + s**2 + s - 2. Let z be u(1). Suppose 4*g + z*r + 5911 = 0, -3*r = 2*g + 3425 - 462. Let p = 2575 + g. Is p prime?
False
Let h = -812 - -812. Suppose h = 21*p - 8*p - 21073. Is p a prime number?
True
Suppose 72576 = 19*d + 9*d. Suppose -2*s = -d - 130. Is s composite?
False
Let k(w) be the first derivative of 10*w**3/3 - 31*w**2/2 + 57*w - 48. Is k(-30) a prime number?
False
Let c be 0/(-2) + 6 + -7. Is -2*(c + -152) + -5 a prime number?
False
Let t be 3 - 1 - (16553 + 1). Let j = -11673 - t. Let p = -3402 + j. Is p a prime number?
False
Suppose o + 3*k + 0*k = 56344, 169062 = 3*o + 4*k. Is o a prime number?
False
Let a = -368 - -376. Is (-56)/a - -2 - -12063 a prime number?
False
Let o = -21 - -30. Suppose 3 = -3*m + o. Suppose -j + 3571 = 4*j - m*p, -2*j - 2*p = -1420. Is j a prime number?
False
Let v(g) = 154*g**2 - g - 6 + 0*g**2 - 2*g. Is v(-5) prime?
False
Suppose 2*b = 114 - 106. Let p be 6/b - 17/(-34). Suppose -4*o - p*f + 3424 = -5*f, 4*o - 3396 = -4*f. Is o prime?
True
Let y(i) = i**2 - i - 4. Let p be y(3). Suppose 2*b = 3*o + 1249, 6*b + 3*o - 2525 = p*b. Is b a composite number?
True
Suppose -38*w + 44*w - 48 = 0. Suppose -4*k - l = -1657, 6*l - 2055 = -5*k + w*l. Is k composite?
True
Let q = -28 + 52. Suppose g + 4*s - 4955 = q, -s + 9972 = 2*g. Is g prime?
True
Let v = -823579 + 1497462. Is v composite?
True
Let i(k) = -4721*k + 617. Is i(-78) prime?
False
Suppose -2*v = v + 3*s + 9, v - 22 = 4*s. Let i be v/(-1) - (-3 + 1335/(-3)). Suppose -51*u + 49*u = -i. Is u a composite number?
False
Suppose m + 4*m = 15, -3*a = -5*m - 36. Let l(r) = -820*r**3 + 3*r**2 + 6*r - 1. Let u be l(-2). Suppose 24*s = a*s + u. Is s a prime number?
True
Suppose 0 = -3*u + 12. Let l be 3 - (4 - 9 - u/(-2)). Suppose -l*q + 4377 = -3*q. Is q a prime number?
True
Let k(m) = 2*m**2 + 6*m - 6. Let z be k(3). Let j(x) = 3*x**2 - 53*x - 11. Is j(z) composite?
True
Let z be 4 + (1 - (-108)/(-3)). Let t = -59 - z. Is (831/(-6))/(2/t) composite?
True
Let o(h) = 91*h**3 + 10*h**2 - 82*h + 13. Let v be o(8). Suppose -3*b = -2*g - v, 0 = 4*b + 4*g - 20486 - 41606. Is b a prime number?
True
Let l(a) = 3*a + 35. Let s(m) = 2*m + 18. Let u(d) = 3*l(d) - 5*s(d). Let z be u(6). Is 2/z - (-17020)/36 composite?
True
Suppose 4*m - 5*d - 114 = -625, m = -3*d - 132. Let l = 518 - m. Is l composite?
False
Let n be (-69)/92*(-16)/6. Let a be (24/4)/(n/47). Suppose 3*v = 1266 + a. Is v composite?
True
Is 1 - -4 - (-20916)/(-6*1/(-198)) prime?
True
Is (-6)/((-4)/(-4))*(2408285/(-15))/11 composite?
True
Suppose -2*d + 18 = -t - 5*d, -20 = 5*d. Let o(r) = -494*r + 239. Is o(t) a prime number?
True
Let u(v) = 2979*v + 19. Is u(16) a prime number?
False
Let n(a) = 32646*a**2 - 5*a - 4. Let z be (6/24)/((-4)/16). Is n(z) a prime number?
True
Let s be 285954/36 - (-3)/(-18). Let p = s + -2674. Is p prime?
False
Suppose -4*j - 25287 = 3*k - 164700, -4*k = -j - 185922. Is k composite?
True
Suppose 4*q - 5*y - 1854777 = 0, 40*y - 43*y - 2782161 = -6*q. Is q composite?
False
Suppose 3*z = -5*m + 80931, 5*z = 5*m - 0*m + 134885. Is z a composite number?
True
Suppose 8 = 3*q - 31. Suppose -q*h + 16308 + 5233 = 0. Is h composite?
False
Suppose -308210 = -10*d + 1684 + 89096. Is d prime?
False
Let z(y) = 167*y**2 + 66*y - 121. Is z(32) a prime number?
True
Suppose -4238*h + 4280*h - 2269218 = 0. Is h a composite number?
True
Let z(n) = 29*n**2 + n - 10. Let o be z(-7). Let x(k) = 2243*k**2 + 57*k - 57. Let p be x(1). Let i = p - o. Is i prime?
True
Is (95988/(-8) + -2)/((108/(-136))/27) composite?
True
Let a be -20 - -2104 - (-6 - -21). Suppose 198 = 3*j - 2880. Let r = a - j. Is r composite?
True
Let o(v) = -v**3 + 29*v**2 - 52*v - 51. Let b be o(27). Let x(l) = 91*l**3 + 5*l - 5. Is x(b) composite?
False
Suppose 41*h + 87778 = 42*h + 5*v, 4*v + 351088 = 4*h. Is h prime?
False
Let a be (54/(-12))/(-9)*8. Suppose a*i - 19 + 3 = 0, 4*h = 4*i + 5116. Is h a prime number?
True
Suppose -10*v - 41 = -11*v. Suppose 5*g - 2 = n + v, 0 = 3*n + 9. Suppose g*p = 10*p - 1022. Is p a composite number?
True
Suppose 26779*o = 26797*o - 45594. Is o prime?
False
Let x = -130092 + 352199. Is x prime?
True
Suppose 240*j - 237*j = 4641. Suppose -22*x + j = -7407. Is x a prime number?
False
Let z(h) = -1474*h + 66. Let s be z(-15). Suppose 7*r = -5*r + s. Is ((6/3)/2 - r)*-1 a composite number?
False
Let o = 1525 - -784. Is o composite?
False
Let u(z) = -104*z + 13. Let v(p) = 49*p - 3. Let b(y) = -97*y + 5. Let k(m) = -6*b(m) - 14*v(m). Let r(w) = -2*k(w) + 3*u(w). Is r(-10) a prime number?
False
Suppose -13*k - 517 = 913. Is (-1377948)/k + 2/10 composite?
False
Let z be (-36)/(-198) + 4/66*-3. Let a(i) = -i**3 - 2*i**2 + 10*i + 7121. Is a(z) composite?
False
Suppose 350*a - 320*a = 11502210. Is a composite?
True
Let d(w) = 22*w**2 + 4*w - 5. Let y(c) = -12*c - 101. Let l be y(-10). Is d(l) a composite number?
True
Suppose 0 = 7*g - 505 - 601. Let w = g - -1479. Is w prime?
True
Suppose 8*l - 155458 = 281806. Is l composite?
True
Suppose 3*s + 19450 = 2*b, 4*s + 9735 = 61*b - 60*b. Is b composite?
False
Let r(s) = 2 + 6349*s**3 + 8274*s**3 + 2*s**2 - 4*s**2 - 2*s. Is r(1) a prime number?
True
Suppose 6*r + 3*r = 18. Let u(l) = 38*l + l**r - 36*l - 88 + 293. Is u(0) composite?
True
Let m(a) = -13159*a - 2538. Is m(-25) composite?
False
Suppose -14*c = 4*b - 11*c - 20131, 0 = -3*b - 3*c + 15102. Let w = b - 2252. Is w prime?
True
Let a(i) = -2041*i**3 - 3*i**2 - 5*i - 3. Let k be a(-2). Suppose 0 = 5*y + 5*t - 30738 + 3568, -3*y + k = -4*t. Is y a composite number?
False
Suppose 25*o = 23*o + 4. Suppose 0 = 5*s - o*g - 1895, -s + 2*g = s - 758. Is s composite?
False
Is 3*3289 - (-2128)/(-152) composite?
True
Let f = 1059799 + -565896. Is f composite?
True
Let w = -5 - -7. Let n be (0 - -3)*(680/51)/20. Suppose w*y - 326 = -2*l, n*l = -5*y - l + 815. Is y composite?
False
Let s(c) = 5*c**3 - 3*c**2 - 5*c - 5. Suppose 0 = 2*o - 3*q - 13, -6 = -o + q + q. Let x be s(o). Let v = x + -1188. Is v a composite number?
True
Suppose 4*s - 268221 = -5*u + 114872, -229849 = -3*u + s. Let y = u + -26774. Is y prime?
True
Suppose 1329192 = 4*c + 5*u, -2*u + 408928 = 2*c - 255670. Is c a prime number?
True
Is (4/6)/((-4)/516414)*(141 - 142) prime?
True
Let q(p) = -p**3 + 8*p**2 - 5*p - 301. Is q(-35) composite?
True
Let a = 3800 - -6837. Is a prime?
False
Is (3065458/(-132) - -8)/((-1)/6) a prime number?
True
Is -407908*((-7)/(-36) + (-39)/(2457/28)) a composite number?
False
Suppose -5*q - 82888 = 4*w, q + 15556 + 1009 = -5*w. Let f = 29079 + q. Is f a prime number?
False
Suppose o + 164 = -3*o. Suppose 0 = -n + 3, -3*l - 4*n - 72 = -9*n. Let z = l - o. Is z composite?
True
Let t(v) = 147*v**2 - 8*v + 28. Suppose 2*b + 19 = x - 2*x, 3*b = 3*x + 21. Is t(x) a composite number?
False
Let b(w) = 13*w**2 + 32*w - 2383. Is b(-74) prime?
False
Let t be (-1066)/2 - (4 + -3). Let f = 2471 + t. Is f composite?
True
Suppose -3*k - 2*i + 28380 = i, 37822 = 4*k - 2*i. Let r = k - 5420. Is r a composite number?
True
Suppose 0 = 3*p + a - 7, -3*p - 2*p + 17 = 3*a. Suppose 4*q + 88 = 4*g, -g - 5*q = 5*g - 99. Is g*33 - (-5 + p) a composite number?
False
Let g = 232019 + -119968. Is g prime?
False
Let 